r when 11209352 is divided by 105?
77
Calculate the remainder when 12531306 is divided by 125313.
6
What is the remainder when 50108689 is divided by 1460?
29
What is the remainder when 1558682 is divided by 448?
90
Calculate the remainder when 31257 is divided by 30817.
440
Calculate the remainder when 122847 is divided by 24561.
42
What is the remainder when 5582534 is divided by 2443?
279
Calculate the remainder when 43779 is divided by 7232.
387
Calculate the remainder when 50435400 is divided by 282.
264
What is the remainder when 2117308 is divided by 3638?
3630
What is the remainder when 1562974 is divided by 106?
4
Calculate the remainder when 22511452 is divided by 718.
716
Calculate the remainder when 131144 is divided by 1057.
76
Calculate the remainder when 3297196 is divided by 1099052.
40
What is the remainder when 310496635 is divided by 2333?
2331
Calculate the remainder when 983185 is divided by 2701.
21
Calculate the remainder when 550602 is divided by 549040.
1562
What is the remainder when 135987470 is divided by 12362497?
3
Calculate the remainder when 1371095 is divided by 1371068.
27
What is the remainder when 227275 is divided by 773?
13
Calculate the remainder when 1158189 is divided by 46327.
14
Calculate the remainder when 362040 is divided by 5.
0
What is the remainder when 3496834 is divided by 21?
19
Calculate the remainder when 1778983 is divided by 77342.
117
What is the remainder when 6685 is divided by 3286?
113
Calculate the remainder when 544624 is divided by 15.
4
What is the remainder when 41637 is divided by 795?
297
Calculate the remainder when 3331 is divided by 584.
411
Calculate the remainder when 1639822 is divided by 819473.
876
What is the remainder when 271328 is divided by 94?
44
What is the remainder when 20323061 is divided by 3?
2
Calculate the remainder when 69421398 is divided by 23.
15
What is the remainder when 6333023 is divided by 65?
8
Calculate the remainder when 488775734 is divided by 111.
110
What is the remainder when 1061015 is divided by 1650?
65
What is the remainder when 90653 is divided by 928?
637
Calculate the remainder when 227167 is divided by 167.
47
Calculate the remainder when 29550023 is divided by 63.
62
What is the remainder when 510768 is divided by 3235?
2873
What is the remainder when 12367317 is divided by 39?
27
What is the remainder when 12390 is divided by 666?
402
Calculate the remainder when 16169120 is divided by 4042275.
20
What is the remainder when 53367998 is divided by 142?
138
Calculate the remainder when 54704 is divided by 7801.
97
Calculate the remainder when 137620 is divided by 151.
59
Calculate the remainder when 387356 is divided by 132.
68
What is the remainder when 3976000 is divided by 567977?
161
What is the remainder when 65584 is divided by 65353?
231
Calculate the remainder when 121205 is divided by 114581.
6624
Calculate the remainder when 311846 is divided by 18.
14
Calculate the remainder when 224335 is divided by 11799.
154
What is the remainder when 937116 is divided by 2951?
1649
Calculate the remainder when 561221 is divided by 31172.
125
Calculate the remainder when 151053 is divided by 1079.
1072
Calculate the remainder when 558574 is divided by 183.
58
Calculate the remainder when 430701 is divided by 1938.
465
What is the remainder when 11128330 is divided by 1589761?
3
Calculate the remainder when 1967356 is divided by 655763.
67
What is the remainder when 908920 is divided by 400?
120
What is the remainder when 99061 is divided by 8253?
25
Calculate the remainder when 1854423 is divided by 154535.
3
Calculate the remainder when 156979 is divided by 987.
46
What is the remainder when 15353889 is divided by 137?
25
Calculate the remainder when 569144 is divided by 11825.
1544
What is the remainder when 35793723 is divided by 11?
9
Calculate the remainder when 515547 is divided by 515039.
508
Calculate the remainder when 18098350 is divided by 2152.
30
What is the remainder when 457845 is divided by 92?
53
What is the remainder when 658072 is divided by 5303?
500
Calculate the remainder when 4401581 is divided by 4200.
4181
What is the remainder when 164962 is divided by 27?
19
What is the remainder when 340789372 is divided by 269?
266
What is the remainder when 2449572 is divided by 793?
788
What is the remainder when 425971845 is divided by 9481?
9477
What is the remainder when 5472429 is divided by 8180?
9
What is the remainder when 119416 is divided by 39805?
1
Calculate the remainder when 1940687 is divided by 646851.
134
Calculate the remainder when 34045654 is divided by 34.
26
What is the remainder when 1201892 is divided by 1201882?
10
What is the remainder when 75863 is divided by 41?
13
What is the remainder when 17925 is divided by 2421?
978
What is the remainder when 1137819373 is divided by 4125?
4123
What is the remainder when 264780087 is divided by 33?
0
What is the remainder when 16712771 is divided by 15111?
5
What is the remainder when 74000 is divided by 34869?
4262
What is the remainder when 119330 is divided by 3183?
1559
What is the remainder when 112924 is divided by 4517?
4516
What is the remainder when 541715 is divided by 247?
44
Calculate the remainder when 4570098 is divided by 64.
50
Calculate the remainder when 1105032 is divided by 112.
40
What is the remainder when 5720286 is divided by 6370?
26
Calculate the remainder when 7461775 is divided by 514.
37
What is the remainder when 213436024 is divided by 1045?
1044
What is the remainder when 7976237 is divided by 6?
5
Calculate the remainder when 11380092 is divided by 1766.
1754
Calculate the remainder when 687941 is divided by 113.
110
What is the remainder when 102957 is divided by 34096?
669
Calculate the remainder when 100449780 is divided by 230.
40
Calculate the remainder when 164943 is divided by 2499.
9
Calculate the remainder when 230781 is divided by 3002.
2629
Calculate the remainder when 50465690 is divided by 300.
290
Calculate the remainder when 29557721 is divided by 26088.
17
Calculate the remainder when 20664987 is divided by 17.
8
Calculate the remainder when 123996 is divided by 40.
36
What is the remainder when 56093740 is divided by 29?
26
What is the remainder when 218195 is divided by 72210?
1565
Calculate the remainder when 27247 is divided by 27104.
143
What is the remainder when 4672257 is divided by 358?
357
Calculate the remainder when 1831324 is divided by 7326.
7150
Calculate the remainder when 9147 is divided by 107.
52
What is the remainder when 56530042 is divided by 28265018?
6
Calculate the remainder when 4346001 is divided by 724331.
15
What is the remainder when 102226 is divided by 3930?
46
What is the remainder when 3969008 is divided by 264?
32
What is the remainder when 119450 is divided by 290?
260
What is the remainder when 100464 is divided by 789?
261
What is the remainder when 28052062 is divided by 32?
30
Calculate the remainder when 2224124758 is divided by 370.
368
Calculate the remainder when 5899170 is divided by 1674.
1668
Calculate the remainder when 24604 is divided by 796.
724
What is the remainder when 61233851 is divided by 527878?
3
Calculate the remainder when 89270616 is divided by 14.
8
Calculate the remainder when 63181 is divided by 43.
14
What is the remainder when 10428484 is divided by 1158720?
4
What is the remainder when 340874 is divided by 57?
14
What is the remainder when 1639463 is divided by 10577?
28
Calculate the remainder when 30976 is divided by 2031.
511
What is the remainder when 307975 is divided by 304?
23
Calculate the remainder when 141454 is divided by 3747.
2815
Calculate the remainder when 5664554 is divided by 207.
206
What is the remainder when 11083059 is divided by 214?
213
What is the remainder when 31331 is divided by 7799?
135
Calculate the remainder when 27570482 is divided by 840.
2
What is the remainder when 25991 is divided by 8541?
368
What is the remainder when 10018821 is divided by 172?
165
What is the remainder when 505021 is divided by 252503?
15
What is the remainder when 14483181 is divided by 80?
61
What is the remainder when 138161 is divided by 908?
145
What is the remainder when 2054262 is divided by 1105?
67
Calculate the remainde